?
True
Is 481755664 a multiple of 2415?
False
Does 2174 divide 58567435?
False
Does 34 divide 2602033?
False
Is 36092059 a multiple of 10?
False
Does 21 divide 75391205?
False
Is 6 a factor of 101045406?
True
Does 31 divide 2721098439?
True
Is 783 a factor of 144308466?
True
Is 648473286 a multiple of 214?
True
Does 8 divide 1239353?
False
Is 13 a factor of 255863752?
False
Does 2340 divide 26778960?
True
Is 20 a factor of 20957000?
True
Is 18883234 even?
True
Does 239 divide 6803614?
False
Is 840942447 a multiple of 2219?
False
Is 241 a factor of 124359133?
True
Is 108324485 a multiple of 87?
False
Does 1099 divide 34608349?
False
Does 6144 divide 104024064?
True
Is 35693906 a multiple of 962?
False
Does 344 divide 17039907?
False
Is 39 a factor of 18254013?
False
Does 453 divide 114454017?
False
Is 191394544 a multiple of 761?
True
Is 711 a factor of 1289358684?
True
Is 2975089977 a multiple of 21?
False
Does 3 divide 6178555?
False
Is 15208086 a multiple of 120?
False
Is 2535 a factor of 626456805?
True
Is 3699773955 a multiple of 27?
True
Does 228 divide 578436?
True
Does 10907 divide 723463824?
False
Is 1407643190 a multiple of 697?
False
Is 73 a factor of 5904751?
True
Is 33968270 a multiple of 70?
True
Does 130 divide 2809936480?
True
Does 5 divide 28252816?
False
Is 459700748 a multiple of 12961?
True
Is 9883144 a multiple of 692?
True
Is 6064143525 a multiple of 55?
True
Is 2550 a factor of 560956295?
False
Is 105544860 a multiple of 730?
True
Is 162 a factor of 2865323?
False
Is 40 a factor of 104177885?
False
Does 480 divide 556389600?
True
Is 271101335 a multiple of 1685?
True
Is 13 a factor of 52652354?
False
Does 20 divide 390099020?
True
Is 75532860 a multiple of 2340?
True
Is 38 a factor of 395994892?
False
Is 1493 a factor of 11979832?
True
Is 2404 a factor of 44394668?
True
Is 3171919608 a multiple of 24?
True
Is 44714913 a multiple of 1101?
True
Is 9991109 a multiple of 121?
False
Does 210 divide 12979470?
True
Is 3 a factor of 76697144?
False
Does 113 divide 1193586230?
True
Does 21 divide 50233683?
False
Does 5 divide 89090677?
False
Is 987653386 a multiple of 610?
False
Is 1187891824 a multiple of 179?
False
Is 795817792 a multiple of 176?
True
Is 4229 a factor of 108643010?
True
Is 485 a factor of 2100514145?
True
Is 2297535986 a multiple of 493?
False
Is 63 a factor of 1632412467?
True
Is 85868358 a multiple of 20?
False
Is 4513 a factor of 322744097?
False
Is 36973528 a multiple of 3?
False
Is 40 a factor of 63922091?
False
Is 35357348 a multiple of 479?
False
Does 39 divide 150369375?
True
Does 16 divide 72453664?
True
Does 74 divide 3476386338?
False
Does 85 divide 47275215?
True
Is 23 a factor of 248217327?
False
Is 882 a factor of 33463962?
True
Does 289 divide 37278688?
True
Is 1838 a factor of 117358138?
True
Is 5253778 a multiple of 758?
False
Does 5 divide 220343014?
False
Is 61810649 a multiple of 863?
True
Is 3673 a factor of 1341250595?
False
Is 24995421 a multiple of 655?
False
Does 3195 divide 114620625?
True
Is 873 a factor of 22634356?
False
Is 449 a factor of 312850179?
True
Is 48 a factor of 12002158?
False
Is 3493 a factor of 13290865?
True
Is 3 a factor of 16885181?
False
Does 19 divide 4352213986?
True
Is 431242924 a multiple of 7?
True
Does 82 divide 49631545?
False
Is 315 a factor of 93517200?
True
Is 23205139 a multiple of 201?
False
Does 15 divide 6779392?
False
Is 1911 a factor of 35024278?
False
Is 1430751 a multiple of 107?
False
Is 53540471 a multiple of 594?
False
Is 12 a factor of 862089090?
False
Is 2946 a factor of 423189954?
True
Does 436 divide 4642075?
False
Is 11532891 a multiple of 1124?
False
Does 6 divide 2849082822?
True
Does 5784 divide 2147124912?
True
Is 28 a factor of 206800?
False
Is 676 a factor of 5771969?
False
Is 276412648 a multiple of 275?
False
Is 149380398 a multiple of 6?
True
Is 74 a factor of 97370014?
True
Does 185 divide 14944113?
False
Is 28 a factor of 1318072143?
False
Does 28 divide 130795673?
False
Is 2 a factor of 56416553?
False
Is 53803282 a multiple of 26?
True
Is 8434200 a multiple of 10?
True
Is 24711279 a multiple of 127?
True
Is 55003163 a multiple of 2?
False
Is 120 a factor of 526483440?
True
Is 82031365 a multiple of 2?
False
Is 625927284 a multiple of 153?
True
Is 18 a factor of 66693865?
False
Is 6444800 a multiple of 5035?
True
Does 87 divide 749767?
False
Is 446 a factor of 113241630?
True
Is 70673686 a multiple of 2179?
True
Is 19942627 a multiple of 11?
False
Is 38646495 a multiple of 545?
True
Is 8 a factor of 39197920?
True
Does 2177 divide 268471916?
False
Is 488612322 a multiple of 9614?
True
Is 520389757 a multiple of 1995?
False
Is 72 a factor of 2584286139?
False
Is 7 a factor of 1359322881?
True
Does 3 divide 16804258?
False
Is 238 a factor of 5238380?
True
Is 1430864 a multiple of 542?
False
Does 15 divide 5222628750?
True
Is 72467552 a multiple of 479?
False
Does 33 divide 278843961?
True
Does 21 divide 5078773?
False
Is 637 a factor of 16901355?
False
Is 97827159 a multiple of 47?
False
Is 1700599864 a multiple of 326?
True
Is 438 a factor of 141973113?
False
Does 1127 divide 231148827?
True
Does 961 divide 279694879?
False
Is 6 a factor of 2549066?
False
Does 341 divide 1518478821?
False
Is 109290 a multiple of 76?
False
Is 515 a factor of 289370775?
True
Is 121996539 a multiple of 153?
True
Is 268911632 a multiple of 11?
True
Does 72 divide 16031739?
False
Is 9 a factor of 1183989915?
True
Is 26 a factor of 142238174?
True
Is 302 a factor of 30837522?
True
Is 22628115 a multiple of 15?
True
Is 27 a factor of 17551539?
True
Is 92 a factor of 443866407?
False
Does 811 divide 166551856?
False
Is 2 a factor of 190751305?
False
Is 276 a factor of 73685652?
True
Is 371 a factor of 99254342?
False
Is 27366702 a multiple of 6?
True
Is 330 a factor of 12457759?
False
Is 90686261 a multiple of 791?
False
Is 106 a factor of 2915923?
False
Is 14 a factor of 198837771?
False
Does 2679 divide 137984574?
True
Does 175 divide 100404325?
True
Does 43 divide 7666814?
True
Does 688 divide 361545376?
True
Is 54 a factor of 77696849?
False
Does 44 divide 11660396?
True
Is 964371524 a multiple of 29?
False
Is 24 a factor of 1381538016?
True
Is 21375652 a multiple of 1244?
True
Is 43669835 a multiple of 37?
False
Is 185 a factor of 2020523132?
False
Does 12 divide 790827443?
False
Does 422 divide 133749102?
True
Does 5558 divide 647605706?
False
Is 8 a factor of 31698687?
False
Is 133972017 a multiple of 591?
True
Does 377 divide 381524?
True
Does 5 divide 27088136?
False
Does 7 divide 50189068?
False
Is 1647108 a multiple of 36?
True
Does 9 divide 4240383?
False
Does 10 divide 358944740?
True
Is 92985425 a multiple of 65?
True
Is 1167352 a multiple of 82?
True
Is 60 a factor of 2237688?
False
Does 15 divide 753539145?
True
Does 147 divide 66562558?
False
Does 39 divide 398656362?
True
Is 315505806 a multiple of 5082?
True
Is 2290095673 a multiple of 5104?
False
Is 4 a factor of 15319724?
True
Does 721 divide 110902778?
True
Is 461 a factor of 21460833?
False
Does 4623 divide 1070853228?
True
Is 66120684 a multiple of 102?
True
Is 453947607 a multiple of 951?
False
Does 116 divide 2480553976?
True
Is 2 a factor of 1693525?
False
Is 14491723 a multiple of 3?
False
Is 40 a factor of 23850200?
True
Is 3023437195 a multiple of 5468?
False
Is 630 a factor of 13124576?
False
Is 133060648 a multiple of 1064?
True
Does 233 divide 40982442?
False
Is 13 a factor of 17601727?
True
Is 104 a factor of 197839439?
False
Does 322 divide 3486042518?
True
Does 172 divide 17794693?
False
Is 2 a factor of 270527100?
True
Is 129366028 a multiple of 2?
True
Does 217 divide 28075894?
True
Is 365305511 a multiple of 37?
False
Does 10 divide 634279938?
False
Is 1482024084 a multiple of 1437?
True
Does 4519 divide 834234514?
True
Does 232 divide 96070272?
True
Is 8332856 a multiple of 952?
True
Is 5520 a factor of 2647527915?
False
Is 18244701 a multiple of 51?
False
Is 1926347 even?
False
Is 1638398 a multiple of 3?
False
Is 152325783 a multiple of 248?
False
Is 98 a factor of 503278715?
False
Is 1405130 a multiple of 454?
True
Does 15 divide 175129675?
False
Is 42 a factor of 95879704?
False
Is 48 a factor of 479178912?
True
Is 129 a factor of 365550138?
True
Does 18 d